lse
Is 11641919 prime?
True
Is 1392043 prime?
False
Is 417113 a prime number?
True
Is 58406167 a composite number?
False
Is 36693263 prime?
True
Is 2594299 a composite number?
True
Is 262433 a composite number?
False
Is 36691157 composite?
False
Is 4491457 prime?
False
Is 87273947 prime?
False
Is 628478 prime?
False
Is 3431539 prime?
False
Is 81964283 composite?
True
Is 1820837 composite?
False
Is 41810759 a composite number?
False
Is 350677507 prime?
True
Is 895976195 prime?
False
Is 24916621 a prime number?
False
Is 19418519 a prime number?
True
Is 82221313 a prime number?
False
Is 12617443 composite?
False
Is 1094688913 a composite number?
False
Is 1375069 a prime number?
False
Is 133156033 composite?
False
Is 860194165 a composite number?
True
Is 67383083 a composite number?
True
Is 115620097 prime?
True
Is 1220369 a prime number?
True
Is 94920157 composite?
False
Is 423355847 composite?
False
Is 6635323 composite?
False
Is 267929 a prime number?
True
Is 84263063 a prime number?
False
Is 76935977 a prime number?
True
Is 8068139 prime?
True
Is 21833597 composite?
False
Is 30591461 a composite number?
False
Is 636613 prime?
True
Is 183555551 composite?
False
Is 493777 prime?
True
Is 588187 composite?
True
Is 233897777 composite?
False
Is 1517159431 composite?
False
Is 10766461 a prime number?
False
Is 3459263 a prime number?
True
Is 38983 prime?
False
Is 20613581 prime?
False
Is 654769 composite?
True
Is 650813 a composite number?
False
Is 2855557 prime?
True
Is 1746497 a prime number?
True
Is 2621149 a prime number?
False
Is 6503563 composite?
True
Is 7048271 prime?
True
Is 8918465 a prime number?
False
Is 3703073 a composite number?
True
Is 5397277 prime?
False
Is 73010101 prime?
False
Is 418760951 a composite number?
True
Is 2489287 prime?
True
Is 187839829 a composite number?
True
Is 1282343 prime?
True
Is 58823339 a prime number?
False
Is 182669953 composite?
False
Is 58154678 prime?
False
Is 149266582 a composite number?
True
Is 8839721 prime?
False
Is 2826895 a composite number?
True
Is 21859 prime?
True
Is 238528501 composite?
False
Is 8413373 composite?
False
Is 20136871 a composite number?
False
Is 1304123 composite?
True
Is 2448778 a composite number?
True
Is 1992607 prime?
False
Is 10875671 a prime number?
True
Is 10521559 a composite number?
False
Is 192208889 a composite number?
False
Is 77519633 composite?
False
Is 337863809 a composite number?
True
Is 7275799 a prime number?
False
Is 400597 a prime number?
True
Is 2621737 a composite number?
False
Is 229284203 a prime number?
False
Is 154981 a composite number?
False
Is 9221743 a composite number?
True
Is 204160807 a composite number?
False
Is 17348966 composite?
True
Is 592692301 prime?
False
Is 307019885 a prime number?
False
Is 215668727 prime?
True
Is 915527 composite?
False
Is 4998787 a prime number?
True
Is 168187357 a composite number?
True
Is 928877 a composite number?
True
Is 2663669 composite?
False
Is 211859 prime?
True
Is 85490527 a composite number?
True
Is 2452157 a prime number?
False
Is 33144413 composite?
False
Is 1406408087 composite?
True
Is 1888701 a composite number?
True
Is 18644011 a composite number?
False
Is 11579543 a composite number?
True
Is 185102 a prime number?
False
Is 617263 prime?
False
Is 142194979 prime?
True
Is 70224113 composite?
True
Is 2462983 prime?
False
Is 7904483 a composite number?
False
Is 100304129 prime?
True
Is 83862643 a composite number?
False
Is 5642369 composite?
False
Is 6345919 prime?
True
Is 670919 a prime number?
True
Is 35708891 a composite number?
True
Is 1348021 composite?
True
Is 28983089 prime?
True
Is 85116011 a prime number?
True
Is 1735127 composite?
True
Is 114585533 a composite number?
False
Is 24934979 composite?
False
Is 8568947 composite?
False
Is 1935419 a composite number?
False
Is 621694121 a prime number?
True
Is 2415563 composite?
True
Is 2001581 a composite number?
False
Is 2874169 a prime number?
True
Is 4273793 a prime number?
True
Is 14018311 prime?
False
Is 46649 composite?
False
Is 196205773 a composite number?
False
Is 7242817 a prime number?
False
Is 46372849 prime?
True
Is 2251715 a composite number?
True
Is 626471 prime?
False
Is 92170489 a composite number?
False
Is 3826499 a prime number?
True
Is 157828501 a composite number?
True
Is 4066441 a prime number?
True
Is 74106679 a composite number?
False
Is 325243627 a prime number?
True
Is 23665597 prime?
False
Is 2773103 a prime number?
False
Is 5806961 a composite number?
False
Is 1158239 composite?
True
Is 23866903 a composite number?
False
Is 1352839 composite?
False
Is 745501 prime?
False
Is 30100283 prime?
True
Is 1718114 prime?
False
Is 364024113 a composite number?
True
Is 78867541 prime?
True
Is 5765779 prime?
True
Is 2696047 a composite number?
True
Is 9741371 a prime number?
False
Is 8798239 composite?
True
Is 15726533 a composite number?
True
Is 695602 a prime number?
False
Is 2250123197 a composite number?
True
Is 7652717 a composite number?
False
Is 5810023 a composite number?
False
Is 24192991 prime?
True
Is 2336417 a composite number?
True
Is 2374763 prime?
False
Is 773167 a composite number?
True
Is 3884533 prime?
True
Is 1300097 composite?
False
Is 130771 a composite number?
True
Is 602364121 a composite number?
False
Is 7534183 prime?
True
Is 33062973 a prime number?
False
Is 801223 a composite number?
True
Is 105128531 composite?
False
Is 3162683 a prime number?
False
Is 723545263 a prime number?
False
Is 11881957 a composite number?
False
Is 42997907 a composite number?
True
Is 106143929 a prime number?
False
Is 61319281 prime?
True
Is 64784081 prime?
True
Is 37295695 a composite number?
True
Is 6291691 a prime number?
False
Is 397910427 a prime number?
False
Is 114519291 composite?
True
Is 152510413 composite?
True
Is 2370811 composite?
False
Is 21539137 a composite number?
False
Is 379597 a prime number?
True
Is 7426441 a composite number?
True
Is 19181521 a composite number?
True
Is 45090427 a prime number?
True
Is 368087 composite?
True
Is 116338847 composite?
False
Is 23366527 a prime number?
True
Is 27234355 prime?
False
Is 45419849 a prime number?
False
Is 2224037 composite?
False
Is 155129109 a composite number?
True
Is 13274097 a prime number?
False
Is 8567627 prime?
True
Is 332953 prime?
False
Is 64984219 composite?
True
Is 52981069 a prime number?
True
Is 495067 prime?
True
Is 142262277 composite?
True
Is 28178801 a prime number?
False
Is 603077 composite?
False
Is 141497171 a composite number?
True
Is 851167 prime?
False
Is 3343027 a composite number?
True
Is 701477033 a prime number?
True
Is 283002431 a prime number?
True
Is 12727147 prime?
True
Is 12330119 composite?
True
Is 850069 a composite number?
True
Is 5649367 a prime number?
True
Is 3397663 composite?
False
Is 14188017 a prime number?
False
Is 931847 prime?
False
Is 1790621 a prime number?
False
Is 14878601 composite?
False
Is 2328487 a composite number?
True
Is 9486331 a composite number?
False
Is 3606983 composite?
False
Is 2400833 composite?
False
Is 75374513 composite?
True
Is 463907 composite?
False
Is 36289 composite?
True
Is 12439703 a prime number?
False
Is 3405623 a composite number?
True
Is 24774409 prime?
False
Is 3237631 a prime number?
True
Is 141125399 a composite number?
False
Is 4519061 a composite number?
True
Is 5667907 composite?
True
Is 43015061 a composite number?
True
Is 19423543 prime?
True
Is 48020837 a composite number?
False
Is 3727355 a prime number?
False
Is 2242651 prime?
True
Is 3228481 prime?
False
Is 9607841 composite?
False
Is 1788187 a composite number?
False
Is 318371 a composite number?
True
Is 216054851 a prime number?
True
Is 33308771 a prime number?
True
Is 72421651 prime?
True
Is 35030419 a composite number?
True
Is 28035671 prime?
True
Is 81413603 composite?
True
Is 4045589 composite?
True
Is 7536257 a prime number?
False
Is 44552153 a composite number?
True
Is 8440681 prime?
False
Is 25834141 composite?
True
Is 13872707 prime?
True
Is 2056781 a prime number?
False
Is 135742309 prime?
False
Is 3872959 composite?
False
Is 390237007 composite?
False
Is 5787977 a prime number?
False
Is 3752003 a prime number?
False
Is 30961009 a composite number?
True
Is 157296197 prime?
False
Is 4416857 composite?
False
Is 84